21 - -2232?
1220230013
In base 15, what is 0 - -2938a11?
2938a11
In base 6, what is -1402554010 - -3?
-1402554003
In base 12, what is -14 - -8b32489?
8b32475
In base 6, what is 15 - -1542235?
1542254
In base 13, what is 9 - -8ba0cb?
8ba107
In base 6, what is 223125 - 12?
223113
In base 3, what is 22000121012 - 102001?
22000012011
In base 15, what is -5 - -130886?
130881
In base 5, what is 212132 + -112024?
100103
In base 12, what is 141798 + 20?
1417b8
In base 11, what is -9 + 85318?
8530a
In base 10, what is 6 + 3552918?
3552924
In base 5, what is -2213134224 + 10?
-2213134214
In base 15, what is 674 + 6660?
6cd4
In base 6, what is 3 + -3521302141?
-3521302134
In base 10, what is -7 - 5725354?
-5725361
In base 12, what is -2870846 - 5?
-287084b
In base 13, what is -53 - -835c8?
83575
In base 10, what is -2498448 + -17?
-2498465
In base 13, what is -6729904c - -5?
-67299047
In base 6, what is 30025 - 1001155?
-531130
In base 11, what is 2561 - 26330?
-2387a
In base 4, what is -11023 - 1213302212?
-1213313301
In base 12, what is -a24a40a + 8?
-a24a402
In base 7, what is 20145 + -536503?
-516325
In base 7, what is -2316241321 - -5?
-2316241313
In base 4, what is -1111 - -11012133?
11011022
In base 2, what is -10 - -111000110100011000001011?
111000110100011000001001
In base 5, what is 33121 - -2211214?
2244340
In base 7, what is 124006655 - 2?
124006653
In base 10, what is 471048 + -450?
470598
In base 2, what is 1100100010101101001 + 0?
1100100010101101001
In base 2, what is -10001000110011010110011010011 + 1?
-10001000110011010110011010010
In base 7, what is -11210406 - 13?
-11210422
In base 2, what is 11000001011 + -10100101110010?
-10001101100111
In base 2, what is -1 + 10110010111000101000110?
10110010111000101000101
In base 14, what is -5215738 + -3?
-521573b
In base 16, what is 9ded - -12?
9dff
In base 8, what is -110211157 - 1?
-110211160
In base 2, what is 101101000111000010110100 - -1?
101101000111000010110101
In base 16, what is -27fdc64 - 1?
-27fdc65
In base 16, what is -54 - -88c7?
8873
In base 3, what is 202211201011 + -1010110?
202210120201
In base 7, what is -226142 + 2434?
-223405
In base 9, what is 153738 - -153?
154002
In base 10, what is 202853 + -75?
202778
In base 8, what is 45 - 27717730?
-27717663
In base 5, what is 334 - -3213113?
3214002
In base 4, what is -31321001 - 1101203?
-33022210
In base 15, what is 0 - 3e187d2?
-3e187d2
In base 16, what is 0 + -627ff0b?
-627ff0b
In base 2, what is 100000101110001011000010 + -101?
100000101110001010111101
In base 2, what is 111001010000010100010111 + -11?
111001010000010100010100
In base 12, what is 198098 + -11?
198087
In base 7, what is 33 - 13546044?
-13546011
In base 12, what is -62a - -1a3467?
1a2a39
In base 16, what is -a2f69 - -10?
-a2f59
In base 7, what is 1 + 35162342?
35162343
In base 11, what is 10 + 1356913?
1356923
In base 9, what is -145675 + 67?
-145607
In base 7, what is 305064344 + -1?
305064343
In base 12, what is -1185052 - -8?
-1185046
In base 14, what is 6402 + ac?
64b0
In base 6, what is -13414154 + 41?
-13414113
In base 3, what is -1102002201 + -201110?
-1102211011
In base 16, what is 619f5e + 54?
619fb2
In base 16, what is dc9e + 10c4?
ed62
In base 3, what is -102002210212022 - -11?
-102002210212011
In base 7, what is 1350260 - 45?
1350212
In base 8, what is 127740 + 1063?
131023
In base 2, what is -10101111010011011000000101 + 1000?
-10101111010011010111111101
In base 3, what is 201 + -1120200220210?
-1120200220002
In base 13, what is -10ca101 - -4?
-10ca0ca
In base 11, what is 730023a2 - -2?
730023a4
In base 7, what is -10416 - -10036?
-350
In base 2, what is -11010010111101000101 - 1010011?
-11010010111110011000
In base 5, what is 4 + -101014031004?
-101014031000
In base 13, what is 753cc2 + -18?
753ca7
In base 12, what is 3 + -437a490?
-437a489
In base 5, what is -10 - 1442132102?
-1442132112
In base 12, what is -149 - 202ab?
-20438
In base 13, what is 13 + 1b3c8b?
1b3ca1
In base 3, what is 222 + -1122021002?
-1122020010
In base 4, what is -12200 - -11231302?
11213102
In base 5, what is -4 + 420444011?
420444002
In base 9, what is 3738 + -314?
3424
In base 13, what is -1 - 12779a70?
-12779a71
In base 16, what is 4235b7c - 1?
4235b7b
In base 13, what is 2a482a + -17?
2a4813
In base 4, what is -10221312030 - -21?
-10221312003
In base 4, what is -2111 + -110123221?
-110131332
In base 10, what is 32 + 8270275?
8270307
In base 3, what is 12122202012 - 111?
12122201201
In base 2, what is 1010111110111 - -110111100000?
10001111010111
In base 5, what is 10 - 1341123103?
-1341123043
In base 2, what is 1100 - -11100111110010101110?
11100111110010111010
In base 8, what is -5434066 + 5?
-5434061
In base 13, what is -312 + -4c84ca?
-4c880c
In base 8, what is 355232 - 55?
355155
In base 10, what is 0 - -1347206?
1347206
In base 10, what is 1829587 + 5?
1829592
In base 15, what is -102d + -3373?
-43a1
In base 7, what is -1001 - -54602?
53601
In base 6, what is -2230035 - 3433?
-2233512
In base 8, what is -1174046 - 1750?
-1176016
In base 10, what is -1381 + 550240?
548859
In base 14, what is -103 - -2d4c99?
2d4b96
In base 8, what is 2664321251 - -3?
2664321254
In base 15, what is -13a8d1 + -8a?
-13a96b
In base 9, what is 282248 + 2084?
284343
In base 7, what is 412213030 - 2?
412213025
In base 12, what is 1aa163 + -4?
1aa15b
In base 8, what is 3 - 27205750?
-27205745
In base 5, what is 203030240 + -43?
203030142
In base 3, what is 10 + -201121200202102?
-201121200202022
In base 9, what is -5851063 + -7?
-5851071
In base 7, what is -141 - 166020003?
-166020144
In base 8, what is -6677 - 1170?
-10067
In base 16, what is -68c8 - -5c7?
-6301
In base 13, what is -5 + -95a560?
-95a565
In base 11, what is 41715 - 25?
416a0
In base 2, what is -11010000101100 - -100011011?
-11001100010001
In base 7, what is -4 - -1003111022?
1003111015
In base 11, what is 56 - -559412?
559468
In base 10, what is -40 + 33818?
33778
In base 14, what is -682 + -2a70?
-3312
In base 15, what is d12 + -1a3?
b5e
In base 11, what is 26174 + 1027a?
36443
In base 12, what is 31b9 - -207?
3404
In base 5, what is 11331 + -10141021?
-10124140
In base 12, what is a4 - 1197?
-10b3
In base 16, what is 1648e0f3 - 4?
1648e0ef
In base 10, what is -2026 - -1245?
-781
In base 13, what is -17a3b - -9c1?
-1704a
In base 3, what is -2 - -2100220021201?
2100220021122
In base 16, what is -193029 - -8?
-193021
In base 7, what is -1506046142 - -1?
-1506046141
In base 9, what is 6 - -5783547?
5783554
In base 16, what is -bb1be - -388?
-bae36
In base 15, what is 82 - 14e842?
-14e7b0
In base 13, what is -142 + -716?
-858
In base 14, what is ab2 - -1488?
215a
In base 2, what is -1 - 100001101011010000001101?
-100001101011010000001110
In base 15, what is -415b - -1b264?
17108
In base 12, what is 32212b0 + 7?
32212b7
In base 10, what is 6330947 + -4?
6330943
In base 10, what is -9358852 + 42?
-9358810
In base 10, what is 2 + -10399015?
-10399013
In base 9, what is 1367321 + -31?
1367280
In base 7, what is -1302025 - -262?
-1301433
In base 11, what is -71 + 809062?
808aa1
In base 15, what is -108e4b4 - 5?
-108e4b9
In base 7, what is -332 - -144661?
144326
In base 3, what is 202201222 - 2010012?
200121210
In base 8, what is -1146 - 5566?
-6734
In base 10, what is 1322699 + -205?
1322494
In base 7, what is -13066205 - 15?
-13066223
In base 9, what is 818 + 542?
1461
In base 7, what is 213 - -3640014?
3640230
In base 16, what is -2c - -bf679c?
bf6770
In base 5, what is 2231311304 - 1041?
2231310213
In base 12, what is -387928 - 226?
-387b52
In base 13, what is 331aa7 - 79?
331a2b
In base 10, what is 177 + 725893?
726070
In base 16, what is 4b0d64 - -26?
4b0d8a
In base 4, what is 231 - 20130310113?
-20130303222
In base 8, what is -220427140 + -6?
-220427146
In base 13, what is 1c5a022 + -11?
1c5a011
In base 4, what is 3 + -13200131303?
-13200131300
In base 11, what is -873053a + -2?
-8730541
In base 7, what is 14 - -401111614?
401111631
In base 14, what is 100545 - -130?
100675
In base 10, what is -206 - 351267?
-351473
In base 15, what is 20ee0a6 - 5?
20ee0a1
In base 10, what is -1030 + 1006?
-24
In base 4, what is -3210 + -13330122323?
-13330132133
In base 5, what is -334040302 - -3124?
-334032123
In base 8, what is 3361251 -